{"id":2839,"date":"2026-03-19T20:23:59","date_gmt":"2026-03-19T19:23:59","guid":{"rendered":"https:\/\/slide.swpthemes.com\/demo2\/?page_id=2839"},"modified":"2026-03-19T23:06:05","modified_gmt":"2026-03-19T22:06:05","slug":"home-page-2","status":"publish","type":"page","link":"https:\/\/www.neovitabeat.com\/","title":{"rendered":"Home Page"},"content":{"rendered":"\n<p><!-- HERO IMAGE --><\/p>\n\n\n\n<div style=\"width:100%; height:500px; background-color:#cccccc; background-image:url('https:\/\/www.neovitabeat.com\/wp-content\/uploads\/2026\/03\/slider-2-2048x980-1.webp'); background-size:cover; background-position:center center; margin-top:-200px;\"><\/div>\n\n\n\n<p><!-- NUOVO BRANO --><\/p>\n\n\n\n<div style=\"background:#000000; padding:10px 20px; text-align:center;margin-top:-20px;\">\n<h3 style=\"color:#ffffff; font-size:20px; margin-bottom:7px;\">Nuovo brano: KAYTLEEN<\/h3>\n<p>  <a href=\"https:\/\/youtu.be\/hYqXR2ZXymU\" style=\"display:inline-block; background:#cc0033; color:#ffffff; padding:5px 20px; text-decoration:none; font-family:sans-serif; font-size:14px;\">Ascolta \u25b6<\/a>\n<\/p><\/div>\n\n\n\n<p><!-- ULTIMI BRANI --><\/p>\n\n\n\n<div style=\"margin-top: 30px; margin-bottom: 30px; width: 100%;\">\n    <!-- CONTENITORE ROSSO STATICO (NON CLICCABILE) -->\n    <div style=\"background-color: #b91d1d; color: white; padding: 70px 40px; text-align: center; border-radius: 4px; box-shadow: 0 15px 35px rgba(0,0,0,0.4); position: relative; overflow: hidden; display: flex; flex-direction: column; align-items: center; justify-content: center; min-height: 400px;\">\n        \n        <!-- TITOLO ARTISTA (FONT STILE ROCK\/MODERNO) -->\n        <h2 style=\"font-family: 'Bebas Neue', 'Impact', 'Arial Narrow', sans-serif; font-size: clamp(60px, 12vw, 110px); line-height: 0.85; margin: 0; text-transform: uppercase; font-weight: 900; letter-spacing: 2px; text-shadow: 2px 2px 10px rgba(0,0,0,0.2);\">\n            KAYT<br>LEEN\n        <\/h2>\n        \n        <!-- SOTTOTITOLO DECORATIVO -->\n        <div style=\"margin-top: 30px; border-top: 1px solid rgba(255,255,255,0.3); padding-top: 15px;\">\n            <p style=\"font-family: sans-serif; font-size: 13px; font-weight: bold; letter-spacing: 6px; text-transform: uppercase; opacity: 0.8; margin: 0;\">\n                FEATURED ARTIST\n            <\/p>\n        <\/div>\n\n        <!-- LOGO NEOVITA DISCRETO -->\n        <div style=\"position: absolute; bottom: 20px; right: 25px; font-family: sans-serif; font-size: 10px; letter-spacing: 3px; opacity: 0.5; font-weight: bold;\">\n            NEOVITA RECORDS\n        <\/div>\n\n    <\/div>\n<\/div>\n\n\n\n<p><!-- ALBUM --><\/p>\n\n\n\n<div style=\"padding:20px;\"><\/div>\n\n\n\r\n\t\t<div class=\"lc_swp_boxed lc_basic_content_padding clearfix emphasize_first_album\">\r\n\t\t\t\r\n\t\t\t\t<div class=\"latest_albums_single swp_custom_ar ar_square lc_swp_background_image has_right_padding\" data-bgimage=\"https:\/\/www.neovitabeat.com\/wp-content\/uploads\/2019\/05\/one-more-line-to-tiger.jpg\">\r\n\t\t\t\t\t<div class=\"latest_albums_overlay transition3\"><\/div>\r\n\r\n\t\t\t\t\t<div class=\"latest_albums_scd_content transition3\">\r\n\t\t\t\t\t\t<div class=\"album_scd_date\">\r\n\t\t\t\t\t\t\tMar 2019\t\t\t\t\t\t<\/div>\r\n\t\t\t\t\t\t<h3 class=\"album_scd_title\">\r\n\t\t\t\t\t\t\t<a href=\"https:\/\/www.neovitabeat.com\/index.php\/js_albums\/one-more-line-to-tiger\/\" class=\"album_scd_link\">\r\n\t\t\t\t\t\t\t\tOne More Line to Tiger\t\t\t\t\t\t\t<\/a>\t\r\n\t\t\t\t\t\t<\/h3>\r\n\t\t\t\t\t\t<div class=\"album_scd_buy_container\">\r\n\t\t\t\t\t\t\t<a href=\"https:\/\/music.apple.com\/it\/album\/one-more-line-to-tiger-single\/1457283365\" target=\"_blank\" class=\"album_scd_link\">\r\n\t\t\t\t\t\t\t\tAcquista su iTunes\t\t\t\t\t\t\t<\/a>\r\n\t\t\t\t\t\t<\/div>\t\t\t\t\t\t\r\n\t\t\t\t\t<\/div>\r\n\t\t\t\t<\/div>\r\n\r\n\t\t\t\r\n\t\t\t\t<div class=\"latest_albums_single swp_custom_ar ar_square lc_swp_background_image has_right_padding\" data-bgimage=\"https:\/\/www.neovitabeat.com\/wp-content\/uploads\/2019\/05\/I-FLEW-UP-TO-TOUCH-THE-SUN.jpg\">\r\n\t\t\t\t\t<div class=\"latest_albums_overlay transition3\"><\/div>\r\n\r\n\t\t\t\t\t<div class=\"latest_albums_scd_content transition3\">\r\n\t\t\t\t\t\t<div class=\"album_scd_date\">\r\n\t\t\t\t\t\t\tNov 2016\t\t\t\t\t\t<\/div>\r\n\t\t\t\t\t\t<h3 class=\"album_scd_title\">\r\n\t\t\t\t\t\t\t<a href=\"https:\/\/www.neovitabeat.com\/index.php\/js_albums\/i-flew-up-to-touch-the-sun\/\" class=\"album_scd_link\">\r\n\t\t\t\t\t\t\t\tI Flew up to Touch the Sun\t\t\t\t\t\t\t<\/a>\t\r\n\t\t\t\t\t\t<\/h3>\r\n\t\t\t\t\t\t<div class=\"album_scd_buy_container\">\r\n\t\t\t\t\t\t\t<a href=\"https:\/\/www.amazon.it\/I-Flew-up-Touch-Sun\/dp\/B01FLO02PM\/ref=sr_1_5?ie=UTF8&#038;qid=1504994345&#038;sr=8-5&#038;keywords=neovita+music\" target=\"_blank\" class=\"album_scd_link\">\r\n\t\t\t\t\t\t\t\tAcquista su Amazon\t\t\t\t\t\t\t<\/a>\r\n\t\t\t\t\t\t<\/div>\t\t\t\t\t\t\r\n\t\t\t\t\t<\/div>\r\n\t\t\t\t<\/div>\r\n\r\n\t\t\t\r\n\t\t\t\t<div class=\"latest_albums_single swp_custom_ar ar_square lc_swp_background_image\" data-bgimage=\"https:\/\/www.neovitabeat.com\/wp-content\/uploads\/2019\/05\/EL-TIEMPO-ARDE.jpg\">\r\n\t\t\t\t\t<div class=\"latest_albums_overlay transition3\"><\/div>\r\n\r\n\t\t\t\t\t<div class=\"latest_albums_scd_content transition3\">\r\n\t\t\t\t\t\t<div class=\"album_scd_date\">\r\n\t\t\t\t\t\t\tSet 2016\t\t\t\t\t\t<\/div>\r\n\t\t\t\t\t\t<h3 class=\"album_scd_title\">\r\n\t\t\t\t\t\t\t<a href=\"https:\/\/www.neovitabeat.com\/index.php\/js_albums\/el-tiempo-arde\/\" class=\"album_scd_link\">\r\n\t\t\t\t\t\t\t\tEl Tiempo Arde\t\t\t\t\t\t\t<\/a>\t\r\n\t\t\t\t\t\t<\/h3>\r\n\t\t\t\t\t\t<div class=\"album_scd_buy_container\">\r\n\t\t\t\t\t\t\t<a href=\"https:\/\/music.apple.com\/it\/album\/i-flew-up-to-touch-the-sun\/1113792779?i=1113793282\" target=\"_blank\" class=\"album_scd_link\">\r\n\t\t\t\t\t\t\t\tAcquista su iTunes\t\t\t\t\t\t\t<\/a>\r\n\t\t\t\t\t\t<\/div>\t\t\t\t\t\t\r\n\t\t\t\t\t<\/div>\r\n\t\t\t\t<\/div>\r\n\r\n\t\t\t\r\n\t\t\t\t<div class=\"latest_albums_single swp_custom_ar ar_square lc_swp_background_image has_right_padding\" data-bgimage=\"https:\/\/www.neovitabeat.com\/wp-content\/uploads\/2019\/05\/JUSTICIA-ETERNA.jpg\">\r\n\t\t\t\t\t<div class=\"latest_albums_overlay transition3\"><\/div>\r\n\r\n\t\t\t\t\t<div class=\"latest_albums_scd_content transition3\">\r\n\t\t\t\t\t\t<div class=\"album_scd_date\">\r\n\t\t\t\t\t\t\tMag 2026\t\t\t\t\t\t<\/div>\r\n\t\t\t\t\t\t<h3 class=\"album_scd_title\">\r\n\t\t\t\t\t\t\t<a href=\"https:\/\/www.neovitabeat.com\/index.php\/js_albums\/justicia-eterna\/\" class=\"album_scd_link\">\r\n\t\t\t\t\t\t\t\tJusticia Eterna\t\t\t\t\t\t\t<\/a>\t\r\n\t\t\t\t\t\t<\/h3>\r\n\t\t\t\t\t\t<div class=\"album_scd_buy_container\">\r\n\t\t\t\t\t\t\t<a href=\"https:\/\/music.apple.com\/it\/album\/i-flew-up-to-touch-the-sun\/1113792779?i=1113793282\" target=\"_blank\" class=\"album_scd_link\">\r\n\t\t\t\t\t\t\t\tAcquista su iTunes\t\t\t\t\t\t\t<\/a>\r\n\t\t\t\t\t\t<\/div>\t\t\t\t\t\t\r\n\t\t\t\t\t<\/div>\r\n\t\t\t\t<\/div>\r\n\r\n\t\t\t\r\n\t\t\t\t<div class=\"latest_albums_single swp_custom_ar ar_square lc_swp_background_image\" data-bgimage=\"https:\/\/www.neovitabeat.com\/wp-content\/uploads\/2019\/05\/PERHAPS.jpg\">\r\n\t\t\t\t\t<div class=\"latest_albums_overlay transition3\"><\/div>\r\n\r\n\t\t\t\t\t<div class=\"latest_albums_scd_content transition3\">\r\n\t\t\t\t\t\t<div class=\"album_scd_date\">\r\n\t\t\t\t\t\t\tMag 2026\t\t\t\t\t\t<\/div>\r\n\t\t\t\t\t\t<h3 class=\"album_scd_title\">\r\n\t\t\t\t\t\t\t<a href=\"https:\/\/www.neovitabeat.com\/index.php\/js_albums\/perhaps\/\" class=\"album_scd_link\">\r\n\t\t\t\t\t\t\t\tPerhaps\t\t\t\t\t\t\t<\/a>\t\r\n\t\t\t\t\t\t<\/h3>\r\n\t\t\t\t\t\t<div class=\"album_scd_buy_container\">\r\n\t\t\t\t\t\t\t<a href=\"https:\/\/music.apple.com\/it\/album\/i-flew-up-to-touch-the-sun\/1113792779?i=1113793282\" target=\"_blank\" class=\"album_scd_link\">\r\n\t\t\t\t\t\t\t\tAcquista su iTunes\t\t\t\t\t\t\t<\/a>\r\n\t\t\t\t\t\t<\/div>\t\t\t\t\t\t\r\n\t\t\t\t\t<\/div>\r\n\t\t\t\t<\/div>\r\n\r\n\t\t\t\t\t<\/div>\r\n\t\n\n\n\n<p><!-- YOUTUBE --><\/p>\n\n\n\n<div style=\"background-image:url('https:\/\/www.neovitabeat.com\/wp-content\/uploads\/2026\/03\/I0Bv8Grx.jpg'); background-position:center center; background-repeat:no-repeat; background-size:contain; margin-top:40px; padding:80px 20px 100px 20px; text-align:center;\">\n<h3 style=\"color:#ffffff; margin-bottom:40px;\">NEOVITA YOUTUBE OFFICIAL<\/h3>\n<p>  <a href=\"https:\/\/www.youtube.com\/user\/MrNeovita\" target=\"_blank\" style=\"display:inline-block; background:#cc0033; color:#ffffff; padding:12px 28px; text-decoration:none; font-family:sans-serif; font-size:14px;\">VAI AL CANALE \u25b6<\/a>\n<\/p><\/div>\n\n\n\n<p><!-- ULTIME NOTIZIE --><\/p>\n\n\n\n<div style=\"padding:40px 20px 0 20px; max-width:1200px; margin:70px auto 0 auto; display:flex; justify-content:space-between; align-items:center; flex-wrap:wrap;\">\n<div>\n<h2 style=\"margin-bottom:8px;\">Ultime notizie<\/h2>\n<p style=\"color:#555555; margin:0;\">Questa sezione \u00e8 dedicata a brevi testi che vogliamo condividere con voi<\/p>\n<p><\/p><\/div>\n<div>\n    <a href=\"https:\/\/www.neovitabeat.com\/index.php\/blog-2\/\" style=\"color:#333333; font-family:sans-serif; font-size:14px; text-decoration:underline;\">VEDI TUTTI I POST<\/a>\n  <\/div>\n<\/div>\n\n\n\n<hr class=\"wp-block-separator has-alpha-channel-opacity\"\/>\n\n\n\n<p><!-- BLOG SHORTCODE --><\/p>\n\n\n\n<div style=\"padding:0 20px 40px 20px;\"><\/div>\n\n\n\r\n\t\t<div class=\"lc_blog_masonry_container blog_container lc_swp_boxed swp_blog_scd_container\" data-gapwidth=\"60\" data-bricksonrow=\"3\">\r\n\t\t\t\t\t\t\t<article class=\"post_item lc_blog_masonry_brick no_thumbnail post-3120 post type-post status-publish format-standard hentry category-blog\">\r\n\t\t\t\t\t\r\n\t\t\t\t\t<div class=\"post_item_details no_thumbnail\">\r\n\t\t\t\t\t\t<div class=\"post_item_meta lc_post_meta masonry_post_meta lc_vibrant_color\">\r\n\t\t\t\t\t\t\t16 Ottobre 2019\t\t\t\t\t\t<\/div>\r\n\r\n\t\t\t\t\t\t<a href=\"https:\/\/www.neovitabeat.com\/index.php\/2019\/10\/16\/neovita-music-band-emergente-di-milano-in-gara-al-tour-music-fest-the-european-music-contest\/\">\r\n\t\t\t\t\t\t\t<h2 class=\"lc_post_title transition4 masonry_post_title\">\r\n\t\t\t\t\t\t\t\tNeovita Music, band emergente di Milano, in gara al Tour Music Fest \u2013 The European Music Contest.\t\t\t\t\t\t\t<\/h2>\r\n\t\t\t\t\t\t<\/a>\r\n\r\n\t\t\t\t\t\t<div class=\"lc_post_excerpt masonry_excerpt\">\r\n\t\t\t\t\t\t\t<p>Originale, talentuosa e sicuramente dal grande impatto sonoro, Neovita Music, con la sua musica originale e una grande determinazione, \u00e8 riuscita a convincere l\u2019esigente giuria del Tour Music Fest.<\/p>\t\t\t\t\t\t<\/div>\r\n\r\n\t\t\t\t\t\t<div class=\"masonry_read_more swp_slide_link\">\r\n\t\t\t\t\t\t\t<a href=\"https:\/\/www.neovitabeat.com\/index.php\/2019\/10\/16\/neovita-music-band-emergente-di-milano-in-gara-al-tour-music-fest-the-european-music-contest\/\" class=\"masonry_read_more\">\r\n\t\t\t\t\t\t\t\tRead more\t\t\t\t\t\t\t\t<span class=\"swp_before_right_arrow transition4\"><\/span><span class=\"swp_arrow swp_arrow_right\"><\/span>\r\n\t\t\t\t\t\t\t<\/a>\r\n\t\t\t\t\t\t<\/div>\r\n\t\t\t\t\t<\/div>\r\n\t\t\t\t<\/article>\r\n\t\t\t\t\t\t\t\t<article class=\"post_item lc_blog_masonry_brick no_thumbnail post-3059 post type-post status-publish format-standard hentry category-blog\">\r\n\t\t\t\t\t\r\n\t\t\t\t\t<div class=\"post_item_details no_thumbnail\">\r\n\t\t\t\t\t\t<div class=\"post_item_meta lc_post_meta masonry_post_meta lc_vibrant_color\">\r\n\t\t\t\t\t\t\t2 Maggio 2019\t\t\t\t\t\t<\/div>\r\n\r\n\t\t\t\t\t\t<a href=\"https:\/\/www.neovitabeat.com\/index.php\/2019\/05\/02\/to-be-or-not-neovita-2\/\">\r\n\t\t\t\t\t\t\t<h2 class=\"lc_post_title transition4 masonry_post_title\">\r\n\t\t\t\t\t\t\t\tPer questo sono quel che sono\t\t\t\t\t\t\t<\/h2>\r\n\t\t\t\t\t\t<\/a>\r\n\r\n\t\t\t\t\t\t<div class=\"lc_post_excerpt masonry_excerpt\">\r\n\t\t\t\t\t\t\t<p>Ovviamente oggi, sono venuto alla conclusione, se si pu\u00f2 dire \u2026 Forse \u00e8 solo l\u2019inizio e non una conclusione, ma lo lascio detto, come riferimento personale, il fatto che gran parte della nostra sofferenza\u2026 sofferenza della nostra specie, voglio dire,...<\/p>\t\t\t\t\t\t<\/div>\r\n\r\n\t\t\t\t\t\t<div class=\"masonry_read_more swp_slide_link\">\r\n\t\t\t\t\t\t\t<a href=\"https:\/\/www.neovitabeat.com\/index.php\/2019\/05\/02\/to-be-or-not-neovita-2\/\" class=\"masonry_read_more\">\r\n\t\t\t\t\t\t\t\tRead more\t\t\t\t\t\t\t\t<span class=\"swp_before_right_arrow transition4\"><\/span><span class=\"swp_arrow swp_arrow_right\"><\/span>\r\n\t\t\t\t\t\t\t<\/a>\r\n\t\t\t\t\t\t<\/div>\r\n\t\t\t\t\t<\/div>\r\n\t\t\t\t<\/article>\r\n\t\t\t\t\t\t\t\t<article class=\"post_item lc_blog_masonry_brick no_thumbnail post-3053 post type-post status-publish format-standard hentry category-blog\">\r\n\t\t\t\t\t\r\n\t\t\t\t\t<div class=\"post_item_details no_thumbnail\">\r\n\t\t\t\t\t\t<div class=\"post_item_meta lc_post_meta masonry_post_meta lc_vibrant_color\">\r\n\t\t\t\t\t\t\t2 Maggio 2019\t\t\t\t\t\t<\/div>\r\n\r\n\t\t\t\t\t\t<a href=\"https:\/\/www.neovitabeat.com\/index.php\/2019\/05\/02\/to-be-or-not-neovita\/\">\r\n\t\t\t\t\t\t\t<h2 class=\"lc_post_title transition4 masonry_post_title\">\r\n\t\t\t\t\t\t\t\tTo be or not &#8230; neovita\t\t\t\t\t\t\t<\/h2>\r\n\t\t\t\t\t\t<\/a>\r\n\r\n\t\t\t\t\t\t<div class=\"lc_post_excerpt masonry_excerpt\">\r\n\t\t\t\t\t\t\t<p>La verit\u00e0 \u00e8 che siamo e non siamo allo stesso tempo (sguazza nella tomba Shakespeare!) noi siamo l\u2019immagine speculare di Dio (non parlo in senso religioso), e come lui \u00e8 e non \u00e8 (anche se sempre \u00e8), secondo la nostra...<\/p>\t\t\t\t\t\t<\/div>\r\n\r\n\t\t\t\t\t\t<div class=\"masonry_read_more swp_slide_link\">\r\n\t\t\t\t\t\t\t<a href=\"https:\/\/www.neovitabeat.com\/index.php\/2019\/05\/02\/to-be-or-not-neovita\/\" class=\"masonry_read_more\">\r\n\t\t\t\t\t\t\t\tRead more\t\t\t\t\t\t\t\t<span class=\"swp_before_right_arrow transition4\"><\/span><span class=\"swp_arrow swp_arrow_right\"><\/span>\r\n\t\t\t\t\t\t\t<\/a>\r\n\t\t\t\t\t\t<\/div>\r\n\t\t\t\t\t<\/div>\r\n\t\t\t\t<\/article>\r\n\t\t\t\t\t\t<\/div>\r\n\r\n\t\r\n\t\n\n\n\n<style>\n    \/* 1. Forza il crema su OGNI centimetro del sito *\/\n    html, body, #page, .site, .site-content, #content, .ast-container, \n    .site-main, .main-header-bar, .entry-content, .ast-separate-container {\n        background-color: #fdf5e6 !important;\n        background: #fdf5e6 !important;\n    }\n\n    \/* 2. Rende trasparenti le \"scatole\" bianche interne *\/\n    article, section, .ast-article-inner, .ast-article-single, \n    .post-content, .main-content-area {\n        background-color: transparent !important;\n        background: transparent !important;\n        border: none !important;\n        box-shadow: none !important;\n    }\n\n    \/* 3. Colora anche il Footer in fondo *\/\n    footer, .site-footer, .ast-small-footer {\n        background-color: #fdf5e6 !important;\n    }\n<\/style>\n","protected":false},"excerpt":{"rendered":"<p>Nuovo brano: KAYTLEEN Ascolta \u25b6 KAYTLEEN FEATURED ARTIST NEOVITA RECORDS NEOVITA YOUTUBE OFFICIAL VAI AL CANALE \u25b6 Ultime notizie Questa sezione \u00e8 dedicata a brevi testi che vogliamo condividere con voi VEDI TUTTI I POST<\/p>\n","protected":false},"author":1,"featured_media":0,"parent":0,"menu_order":0,"comment_status":"closed","ping_status":"closed","template":"elementor_header_footer","meta":{"footnotes":""},"class_list":["post-2839","page","type-page","status-publish","hentry"],"_links":{"self":[{"href":"https:\/\/www.neovitabeat.com\/index.php\/wp-json\/wp\/v2\/pages\/2839","targetHints":{"allow":["GET"]}}],"collection":[{"href":"https:\/\/www.neovitabeat.com\/index.php\/wp-json\/wp\/v2\/pages"}],"about":[{"href":"https:\/\/www.neovitabeat.com\/index.php\/wp-json\/wp\/v2\/types\/page"}],"author":[{"embeddable":true,"href":"https:\/\/www.neovitabeat.com\/index.php\/wp-json\/wp\/v2\/users\/1"}],"replies":[{"embeddable":true,"href":"https:\/\/www.neovitabeat.com\/index.php\/wp-json\/wp\/v2\/comments?post=2839"}],"version-history":[{"count":100,"href":"https:\/\/www.neovitabeat.com\/index.php\/wp-json\/wp\/v2\/pages\/2839\/revisions"}],"predecessor-version":[{"id":3377,"href":"https:\/\/www.neovitabeat.com\/index.php\/wp-json\/wp\/v2\/pages\/2839\/revisions\/3377"}],"wp:attachment":[{"href":"https:\/\/www.neovitabeat.com\/index.php\/wp-json\/wp\/v2\/media?parent=2839"}],"curies":[{"name":"wp","href":"https:\/\/api.w.org\/{rel}","templated":true}]}}